 - 14 + 39 = 0. Determine a(w).
-3
Let w(h) = h**2 - 1 - h + 3 + 0*h. Let p(v) be the second derivative of -v**4/12 - v**3/2 + v**2/2 - v. Let b be p(-2). Determine w(b).
8
Let g(q) = q**3 + 4*q**2 + q - 4. Let n be g(-3). Let z(t) = -n*t - 25 + 15 + 6. Determine z(-4).
4
Let a(w) = -2*w + 36. Let c be a(18). Let o(j) = 7*j - 33. Let r(q) = -3*q + 17. Let k(d) = -2*o(d) - 5*r(d). Determine k(c).
-19
Let x = -42 + 49. Let c(t) = 3*t**2 - 11*t - 20. Let u(v) = v**2 - 4*v - 7. Let h(p) = 2*c(p) - 7*u(p). Give h(x).
2
Let b(s) = -s**3 - s + 2. Let r be b(0). Let l = 1 - -3. Suppose 3*w + 0*p + 11 = l*p, -r = w - p. Let y(n) = n**3 - 4*n**2 + 2*n + 2. Determine y(w).
-1
Let t(s) = s**3 + 2*s**2 - s + 1. Let a(y) = 4*y - 1. Let p be a(-1). Let v be 15/(-6)*(-6)/p. Calculate t(v).
-5
Let v(c) = c**3 + 5*c**2 + 2*c - 3. Let l be 1*(0 + (-1 - 3)). Let m be (2/l)/((-2)/16). Suppose -b + m*o = 9 + 3, 3*b + 8 = -2*o. Calculate v(b).
5
Let z(x) = -2*x**2 + 8*x**2 - 4*x + 2*x**2. Let o(q) = -q**2. Let d(v) = -6*o(v) - z(v). Determine d(3).
-6
Let s(d) = -d**3 - d**2 + 11. Let x = -5 - -12. Suppose x*h - 2*h = 0. Determine s(h).
11
Let o be (110/(-44))/(-1 + 1 - 1). Let g(m) be the second derivative of 0 - 4*m + o*m**2 + 1/3*m**3. What is g(-4)?
-3
Suppose -5*v - 16 - 9 = 2*k, 0 = -v + 3*k - 22. Let x(u) = -u**3 - 7*u**2 + 8. Give x(v).
8
Let b(i) = i**3 + 7*i**2 + 6*i - 1. Let k be b(-6). Let d(z) be the third derivative of -5*z**4/24 - z**3/6 - 15*z**2. Calculate d(k).
4
Let g(z) be the second derivative of -z**2 - 1/6*z**4 + 0*z**3 - z + 1/10*z**5 + 0. Suppose -4*n - 5*a = 12, 3*a + 9 = -3. Calculate g(n).
6
Let q(d) = d. Let s(x) = x**3 - 6*x**2 - 5*x - 7. Let y be s(7). Determine q(y).
7
Let q(i) = -i - i**3 + 19 + 18 - 36. Let x(r) = -r**2 + 6*r. Let n be x(6). Suppose 5*a - 5 - 5 = n. Give q(a).
-9
Let q(w) = -w + 1. Let v(a) = a + 4. Let z be v(0). Suppose 0 = -d + 2*d - 5*u - 10, -17 = z*d - u. Let f = 5 + d. Determine q(f).
1
Let d be (-4)/14 - 78/21. Let z(q) = 9*q + 1. Let s(c) = 22*c + 2. Let v(k) = 5*s(k) - 12*z(k). Give v(d).
-10
Let f(j) = j**3 - 2*j**2 + 2*j - 1. Suppose -s - 5*z + 1 = 0, 7*s - 3*s - z = 4. Give f(s).
0
Let l(z) = z. Let n be 1*3*(-2)/(-3). Let y be -2 - (-1)/n*2. What is l(y)?
-1
Let j(c) = -7*c**2 + 3*c - 10. Let k(m) = 4*m**2 - 2*m + 5. Let n(x) = 3*j(x) + 5*k(x). Let l(g) = g - 1. Let z(v) = 3*l(v) - n(v). What is z(-4)?
2
Let m(q) = -3*q**3 + 6*q + 1. Let t(a) = -10*a**3 + 17*a + 3. Let z(o) = -11*m(o) + 4*t(o). Give z(-1).
6
Suppose -46 = -41*r + 159. Let a(q) = -4*q + 4. Let d(u) = -4*u + 4. Let f(x) = 4*a(x) - 5*d(x). What is f(r)?
16
Suppose -3*l = 0, -4*l + 2*l + 12 = -3*o. Let m be 4/o - (3 - 1). Let z(p) be the first derivative of -2*p**3/3 - p**2/2 + 3*p - 5. Calculate z(m).
-12
Let y(p) = -2*p + 3. Suppose -v - 2*r + 12 = 0, -3*v = 2*r - 25 + 1. Determine y(v).
-9
Let d be (-6)/1*4/(-6). Let b(o) = -d*o + 1 + 2*o**2 + 0 - o + 2*o. What is b(2)?
3
Let h(d) = 3*d**2 - 4*d**2 - 6*d + d. Let s be 65/26*32/(-20). What is h(s)?
4
Let c be 1/(-4) - 3/(-12). Suppose 2*d + 22 - 8 = c. Let i = 6 + d. Let b(j) = 4*j**2 + j + 1. What is b(i)?
4
Let h(z) = -z**3 + 3*z**2 - 2*z + 1. Let f = -1 - 1. Let d = f + 5. What is h(d)?
-5
Let s be 3/((5 - -1)/(-6)). Let h(x) = 2 + x + 1 - 2. Give h(s).
-2
Let m(w) be the third derivative of w**6/20 + w**5/30 - w**4/24 + w**2. Suppose -76 + 83 = 7*u. Give m(u).
7
Suppose -3*q = -q + 8. Let g be (-3)/(q - -1)*-3. Let w(m) = -m**3 - 2*m**2 + 2*m. Calculate w(g).
3
Let r(v) = v**2 - 3*v + 6 + 0*v**2 - 2*v - 3*v. Determine r(5).
-9
Suppose 5*u = 3*s + 4, -8*s + 4*s = 5*u - 18. Let n(z) = -9*z - 3*z**2 - 3*z**s - z**3 + 5*z + 2. Give n(-5).
-3
Let x(y) = -y**2 + 6*y - 6. Let h = 31 + -16. Suppose 5*m - 10 = h. What is x(m)?
-1
Let s be (-1)/(2/(2 + 2)). Let l(b) be the third derivative of b**6/720 + b**4/8 - b**2. Let i(d) be the second derivative of l(d). Calculate i(s).
-2
Let s(n) = n + 1. Let o(y) = y - 6. Let b be o(11). Let x(m) = 2*m - b*m + m + m. Let a be x(3). Give s(a).
-2
Let u(t) = t**3 - 5*t**2 - 5*t - 4. Suppose 10 = -2*i + 2*x, -2*i + 5*i - x + 5 = 0. Suppose i = d - 2*d + 6. Give u(d).
2
Let m(s) = 5*s**3 - 21*s**2 - 10*s - 11. Let l(t) = 2*t**3 - 7*t**2 - 3*t - 4. Let q(z) = 8*l(z) - 3*m(z). Suppose 6 = -4*w - 10, -2*h - 2*w = 20. Give q(h).
1
Let s be (3 - (1 - 0))*2. Let j(z) = 4 - s + z - 2. Let t(w) = -w**2 + 5*w + 4. Let l be t(6). Give j(l).
-4
Let g(s) = s - 3. Let x(i) be the second derivative of -i**3/6 + 2*i**2 + 5*i. Let c(q) = -3*g(q) - 2*x(q). Determine c(4).
-3
Let f(o) = -5*o**2 - 4*o + o**2 + 8 - 3*o**2 - o**3. Let k be f(-6). Let g(n) = -2*n**2 - 5*n + 3. What is g(k)?
-9
Let n(i) = -i. Let z = -41 - -43. Give n(z).
-2
Let f(a) = a + 12. Let p = -38 - -32. Determine f(p).
6
Let w(c) be the first derivative of -c**4/4 + 5*c**3/3 + 9*c**2/2 - 7*c - 1. Give w(6).
11
Suppose 23 - 18 = 5*l. Let w(z) = -16*z**3 + 2*z**2 - 2*z + 1. Calculate w(l).
-15
Suppose 5*b - 3*q = 10*b - 6, 5*q = -b + 10. Let z(i) be the second derivative of i**3/6 - 5*i**2/2 + i. Calculate z(b).
-5
Let n be (-21)/7 + 4*2. Suppose -6 = -l - 2*b + 3*b, 4*l = -3*b + 24. Let h(t) = -4 + 0*t - t**2 + 5 + l*t. What is h(n)?
6
Let u(o) = o**3 - o**2 + 1. Let g(s) = -s**3 + s. Let c(t) = -3*g(t) - 2*u(t). Give c(-3).
-2
Let h(f) = -f**2 - f**2 - f**3 + 4*f**2. Suppose -2*v = -3*v - 6. Let p be (8/v)/((-6)/9). Calculate h(p).
0
Let o(z) be the third derivative of z**8/10080 - z**6/720 - z**5/60 - 2*z**2. Let t(f) be the third derivative of o(f). Give t(-1).
1
Suppose w + 5*b = 18, -3*w - 2*b = -b - 26. Let c(u) = 2 + 4 - 6*u + w*u. Calculate c(-6).
-6
Let j(b) be the second derivative of -b**3/3 + b**2 - 4*b. Give j(-2).
6
Suppose l = -0*l + 2. Let x(v) = 5*v**2 + 2 - 6*v - l*v**3 + v**3 - 2. Calculate x(4).
-8
Let r(a) be the third derivative of a**8/10080 + a**7/5040 - 7*a**5/60 - 7*a**2. Let f(p) be the third derivative of r(p). Determine f(-1).
1
Let x(m) = -m**2 + m. Suppose -3*c + 2 = -b - 2*c, 8 = -2*b + 3*c. Calculate x(b).
-2
Let m(x) = -x - 11. Suppose 2*d + 1 + 3 = 2*g, -3*g = 2*d + 19. What is m(d)?
-6
Let b(p) be the first derivative of p**3/3 - 2*p**2 - 2*p + 15. What is b(3)?
-5
Let p(d) = -d**2 - 7*d - 7. Suppose -r = r + 10. Calculate p(r).
3
Let o = -2 + 2. Let m(q) = -4*q**3 + 4*q**2 - 5*q - 2. Let g(w) = w**3 - w**2 + w. Let v(s) = -5*g(s) - m(s). Determine v(o).
2
Let p = 2 - 2. Suppose -q = 5*k + 4, -k + 0*k - 2 = p. Suppose 0*w + h = 2*w, 2*w - 4*h = q. Let v(f) = -8*f**3 - f**2 + 1. What is v(w)?
8
Let q be 2 + (-2 + 2)*-1. Let t(w) = w**q - 2 + 2 + w + w + 1. Give t(-1).
0
Suppose 16*g - 41 - 39 = 0. Let f(b) = -2*b**3 - 7*b**2 - 4*b + 4. Let t(a) = 3*a**3 + 8*a**2 + 4*a - 5. Let u(m) = -4*f(m) - 3*t(m). Determine u(g).
-6
Let h(y) = -6*y + 7. Let t(l) = 13*l + 6 - 10 - 10. Let r(s) = 7*h(s) + 3*t(s). Suppose 5*p - 25 = -0*p. Determine r(p).
-8
Let j(f) = 4*f**2 + 4*f + 2. Let v(m) = -m**2 + 6*m - 7. Suppose -3*w + 22 = 5*t - 3*t, -3*w = -12. Let b be v(t). Calculate j(b).
10
Suppose 0 = -f - 2*f - 3. Let c(r) be the first derivative of r**5/20 - r**3/3 - r**2/2 - 3*r - 2. Let u(g) be the first derivative of c(g). Give u(f).
0
Let r = 8 - 4. Suppose 3 = m + r. Let b(s) = s**2 + s + 1. Calculate b(m).
1
Let a(c) = -8 + 2*c + 11*c - 8*c + 0*c - c**3 - 6*c**2. Calculate a(-7).
6
Let i(m) be the third derivative of -5*m**2 + 0*m + 7/6*m**3 + 0 - 1/8*m**4 - 1/60*m**5. Give i(-5).
-3
Let c(k) = k. Let n be c(3). Let h(l) = 7*l**2 + 2*l - 8. Let z(j) = 20*j**2 + 5*j - 23. Let s(f) = 17*h(f) - 6*z(f). Give s(n).
5
Let y(o) be the third derivative of -o**4/12 - 5*o**3/3 + 44*o**2. Calculate y(-8).
6
Let p = 1 - 4. Let n(h) = -2*h + 4. Let b(c) = -3*c + 8. Let m(u) = p*b(u) + 5*n(u). What is m(-3)?
-1
Let t(w) = w**3 + 5*w**2 - 2*w - 4. Let h(z) = -z**2 + 4*z + 10. Let b be h(9). Let j be (-10)/b + 37/(-7). Give t(j).
6
Let q(g) be the first derivative of -g**4/24 - g**3/2 - 2*g**2 + 3. Let d(x) be the second derivative of q(x). What is d(-3)?
0
Let j(v) = -4 + v - 4 + 14 + 5. Determine j(0).
11
Suppose -8*o = o. Let k(n) be the second derivative of o - 1/20*n**5 + 1/4*n**4 - 3*n + 0*n**2 + 1/6*n**3. Determine k(3).
3
Let z be 3 + (-1 - 8/(-2)). Let a(m) = 3*m + 0 + 5 - z*m. S